ime factors of 365659?
7, 52237
What are the prime factors of 166206?
2, 3, 27701
What are the prime factors of 2824246?
2, 641, 2203
What are the prime factors of 190940?
2, 5, 9547
What are the prime factors of 6040715?
5, 59, 20477
What are the prime factors of 3761352?
2, 3, 7, 17, 439
List the prime factors of 11763403.
53, 221951
List the prime factors of 6196073.
13, 541, 881
List the prime factors of 4953146.
2, 11, 225143
What are the prime factors of 164364?
2, 3, 13697
What are the prime factors of 4096192?
2, 29, 2207
What are the prime factors of 108490?
2, 5, 19, 571
List the prime factors of 12892107.
3, 4297369
List the prime factors of 248958.
2, 3, 13831
List the prime factors of 1856501.
1283, 1447
List the prime factors of 284355.
3, 5, 71, 89
What are the prime factors of 1001256?
2, 3, 41719
List the prime factors of 1140532.
2, 19, 43, 349
List the prime factors of 411158.
2, 11, 1699
List the prime factors of 22082815.
5, 59, 74857
List the prime factors of 466165.
5, 7, 19, 701
What are the prime factors of 186968?
2, 23371
What are the prime factors of 3582334?
2, 7, 41, 79
List the prime factors of 2673932.
2, 239, 2797
What are the prime factors of 62233?
62233
What are the prime factors of 6154027?
11, 31, 18047
List the prime factors of 394997.
83, 4759
List the prime factors of 420612.
2, 3, 35051
List the prime factors of 5865258.
2, 3, 7, 73, 1913
What are the prime factors of 4654313?
149, 31237
What are the prime factors of 229754?
2, 7, 16411
List the prime factors of 1198615.
5, 11, 19, 31, 37
What are the prime factors of 18356?
2, 13, 353
List the prime factors of 4534100.
2, 5, 45341
List the prime factors of 226000.
2, 5, 113
What are the prime factors of 3082931?
191, 16141
List the prime factors of 858820.
2, 5, 23, 1867
List the prime factors of 3144119.
11, 53, 5393
What are the prime factors of 659278?
2, 329639
What are the prime factors of 3177827?
17, 53, 3527
What are the prime factors of 2781508?
2, 695377
List the prime factors of 10025006.
2, 47, 106649
List the prime factors of 1661888.
2, 23, 1129
What are the prime factors of 24898422?
2, 3, 71, 211, 277
What are the prime factors of 10525140?
2, 3, 5, 73, 89
What are the prime factors of 288543?
3, 96181
List the prime factors of 940422.
2, 3, 7, 22391
List the prime factors of 2594116.
2, 7, 92647
List the prime factors of 31905.
3, 5, 709
List the prime factors of 388985.
5, 77797
List the prime factors of 11309564.
2, 7, 53, 7621
What are the prime factors of 36517?
13, 53
List the prime factors of 547913.
347, 1579
What are the prime factors of 1165571?
11, 17, 23, 271
List the prime factors of 1673178.
2, 3, 13, 19, 1129
What are the prime factors of 396628?
2, 229, 433
List the prime factors of 256306.
2, 128153
What are the prime factors of 12118539?
3, 23, 175631
List the prime factors of 4776546.
2, 3, 796091
List the prime factors of 2009589.
3, 669863
What are the prime factors of 2022022?
2, 23, 113, 389
List the prime factors of 245954.
2, 31, 3967
What are the prime factors of 1687305?
3, 5, 197, 571
List the prime factors of 278883.
3, 11, 313
List the prime factors of 72180.
2, 3, 5, 401
List the prime factors of 8247044.
2, 13, 158597
List the prime factors of 389871.
3, 43319
What are the prime factors of 108640?
2, 5, 7, 97
What are the prime factors of 195067?
97, 2011
List the prime factors of 1465573.
29, 97, 521
List the prime factors of 3825526.
2, 1912763
What are the prime factors of 10078618?
2, 11, 458119
What are the prime factors of 2915588?
2, 13, 19, 227
What are the prime factors of 8299341?
3, 102461
List the prime factors of 422294.
2, 19, 11113
List the prime factors of 27518328.
2, 3, 31, 12329
List the prime factors of 3011857.
3011857
What are the prime factors of 577406?
2, 31, 67, 139
What are the prime factors of 673723?
31, 103, 211
List the prime factors of 159657.
3, 19, 2801
What are the prime factors of 740771?
743, 997
What are the prime factors of 3094714?
2, 7, 17, 13003
What are the prime factors of 23956?
2, 53, 113
What are the prime factors of 6496723?
79, 82237
What are the prime factors of 49918?
2, 11, 2269
List the prime factors of 904161.
3, 43, 163
What are the prime factors of 449717?
31, 89, 163
What are the prime factors of 11342383?
13, 17, 3019
List the prime factors of 1698871.
1698871
List the prime factors of 32123681.
32123681
List the prime factors of 3804983.
7, 13, 41813
What are the prime factors of 60538?
2, 30269
List the prime factors of 75824.
2, 7, 677
What are the prime factors of 1172756?
2, 13, 19, 1187
List the prime factors of 362504.
2, 113, 401
List the prime factors of 187149.
3, 62383
What are the prime factors of 400568?
2, 7, 23, 311
What are the prime factors of 3324856?
2, 415607
What are the prime factors of 7041745?
5, 1408349
List the prime factors of 634224.
2, 3, 73, 181
List the prime factors of 103418.
2, 7, 83, 89
List the prime factors of 518413.
7, 31, 2389
What are the prime factors of 90371?
90371
List the prime factors of 2725743.
3, 908581
What are the prime factors of 2025381?
3, 19, 35533
List the prime factors of 54412.
2, 61, 223
What are the prime factors of 876887?
11, 7247
What are the prime factors of 449686?
2, 31, 7253
List the prime factors of 1166785.
5, 233357
What are the prime factors of 3912563?
523, 7481
What are the prime factors of 3229727?
673, 4799
List the prime factors of 58105.
5, 11621
List the prime factors of 1167551.
7, 11, 59, 257
List the prime factors of 8116364.
2, 2029091
List the prime factors of 8628556.
2, 167, 12917
List the prime factors of 12888624.
2, 3, 7, 89, 431
List the prime factors of 4997716.
2, 23, 54323
List the prime factors of 124627.
17, 7331
What are the prime factors of 930603?
3, 23, 13487
List the prime factors of 5444774.
2, 2722387
List the prime factors of 1508758.
2, 754379
What are the prime factors of 6468893?
199, 32507
What are the prime factors of 1494734?
2, 523, 1429
List the prime factors of 19004064.
2, 3, 197959
What are the prime factors of 22209306?
2, 3, 7, 23, 83, 277
What are the prime factors of 9310172?
2, 1193, 1951
List the prime factors of 1010121.
3, 7, 103, 467
List the prime factors of 310977.
3, 109, 317
What are the prime factors of 216373?
216373
What are the prime factors of 1129889?
1129889
List the prime factors of 9151719.
3, 3050573
List the prime factors of 66651.
3, 13, 1709
List the prime factors of 1526871.
3, 508957
List the prime factors of 7084034.
2, 1193, 2969
What are the prime factors of 12384612?
2, 3, 344017
What are the prime factors of 6953765?
5, 7, 13, 17, 29, 31
List the prime factors of 13411187.
13411187
List the prime factors of 3968237.
7, 13, 43607
What are the prime factors of 196417?
13, 29, 521
List the prime factors of 39365656.
2, 11, 3697
What are the prime factors of 238299?
3, 79433
What are the prime factors of 7838316?
2, 3, 72577
What are the prime factors of 3040630?
2, 5, 304063
List the prime factors of 146886.
2, 3, 24481
What are the prime factors of 16646035?
5, 7, 67943
What are the prime factors of 7483421?
11, 29, 23459
What are the prime factors of 106592?
2, 3331
List the prime factors of 2426212.
2, 71, 8543
List the prime factors of 219772.
2, 7, 47, 167
List the prime factors of 97408.
2, 761
What are the prime factors of 3211389?
3, 356821
List the prime factors of 3827777.
67, 57131
List the prime factors of 763036.
2, 190759
List the prime factors of 1622741.
353, 4597
What are the prime factors of 3556787?
13, 107, 2557
List the prime factors of 9379964.
2, 11, 213181
What are the prime factors of 1584987?
3, 528329
What are the prime factors of 3108493?
3108493
List the prime factors of 2271730.
2, 5, 367, 619
What are the prime factors of 1326764?
2, 331691
List the prime factors of 170259.
3, 19, 29, 103
List the prime factors of 542336.
2, 19, 223
List the prime factors of 31067270.
2, 5, 13, 31, 593
What are the prime factors of 758913?
3, 252971
List the prime factors of 6525187.
6525187
List the prime factors of 3713640.
2, 3, 5, 7, 4421
List the prime factors of 2734738.
2, 191, 7159
What are the prime factors of 1328088?
2, 3, 55337
List the prime factors of 1168139.
7, 19, 8783
W